f 46 and 23?
23
Calculate the highest common factor of 5122 and 1576.
394
What is the greatest common factor of 12 and 696?
12
What is the highest common divisor of 279 and 31?
31
What is the greatest common divisor of 105 and 24?
3
What is the greatest common factor of 3232 and 96?
32
Calculate the highest common divisor of 288 and 9.
9
Calculate the greatest common factor of 1276 and 44.
44
What is the highest common factor of 2835 and 105?
105
What is the greatest common factor of 190 and 30?
10
Calculate the greatest common divisor of 13 and 4.
1
What is the highest common divisor of 156 and 4758?
78
Calculate the greatest common factor of 7625 and 5.
5
What is the highest common divisor of 240 and 144?
48
What is the highest common factor of 11284 and 182?
182
What is the highest common factor of 34 and 459?
17
Calculate the greatest common divisor of 28 and 294.
14
What is the highest common factor of 1820 and 560?
140
Calculate the highest common factor of 7900 and 150.
50
Calculate the greatest common factor of 410 and 1130.
10
What is the greatest common factor of 19 and 6973?
19
What is the greatest common factor of 9150 and 366?
366
Calculate the greatest common factor of 26187 and 174.
87
Calculate the greatest common factor of 85 and 5.
5
What is the greatest common divisor of 385 and 231?
77
What is the highest common factor of 72 and 120?
24
Calculate the highest common divisor of 21 and 24.
3
What is the greatest common divisor of 37010 and 10?
10
Calculate the highest common divisor of 3900 and 10.
10
Calculate the greatest common divisor of 106 and 2491.
53
Calculate the highest common divisor of 80 and 176.
16
Calculate the greatest common divisor of 17 and 51.
17
Calculate the greatest common divisor of 6 and 152.
2
What is the greatest common divisor of 88 and 2776?
8
What is the greatest common divisor of 56 and 224?
56
Calculate the highest common factor of 3447 and 9.
9
Calculate the highest common factor of 3276 and 28.
28
What is the highest common factor of 12 and 21?
3
What is the greatest common divisor of 119 and 7?
7
What is the greatest common factor of 100 and 650?
50
Calculate the highest common factor of 2034 and 198.
18
What is the highest common factor of 10 and 18230?
10
Calculate the greatest common divisor of 1541 and 67.
67
Calculate the greatest common divisor of 3233 and 1769.
61
What is the highest common divisor of 256 and 78592?
256
What is the highest common divisor of 301 and 86?
43
Calculate the highest common divisor of 6480 and 96.
48
Calculate the highest common divisor of 10 and 70.
10
Calculate the highest common divisor of 16 and 104.
8
Calculate the highest common factor of 4218 and 114.
114
What is the highest common divisor of 10 and 14?
2
What is the greatest common divisor of 160 and 140?
20
What is the greatest common factor of 25 and 675?
25
What is the highest common factor of 23 and 60260?
23
What is the greatest common divisor of 8 and 11?
1
What is the greatest common divisor of 2528 and 32?
32
What is the highest common divisor of 612 and 144?
36
What is the greatest common divisor of 30 and 405?
15
What is the highest common divisor of 4272 and 1869?
267
Calculate the highest common divisor of 140 and 33460.
140
What is the greatest common divisor of 52 and 988?
52
What is the highest common divisor of 85 and 238?
17
What is the highest common factor of 464 and 208?
16
Calculate the greatest common divisor of 70 and 588.
14
What is the greatest common factor of 2 and 1031?
1
Calculate the greatest common factor of 150 and 5010.
30
Calculate the highest common factor of 56 and 9086.
14
Calculate the highest common factor of 6 and 5118.
6
Calculate the highest common divisor of 99 and 12573.
99
What is the greatest common divisor of 161 and 84?
7
Calculate the highest common factor of 366 and 6.
6
What is the highest common divisor of 40 and 11380?
20
Calculate the highest common factor of 42 and 6286.
14
Calculate the highest common factor of 1603 and 112.
7
Calculate the greatest common divisor of 272 and 2686.
34
Calculate the greatest common divisor of 5 and 795.
5
Calculate the greatest common divisor of 4140 and 3.
3
Calculate the greatest common divisor of 9 and 81.
9
Calculate the greatest common factor of 8931 and 13.
13
What is the greatest common divisor of 34 and 272?
34
What is the highest common divisor of 7380 and 20?
20
Calculate the highest common divisor of 224 and 616.
56
What is the greatest common factor of 600 and 275?
25
What is the greatest common factor of 782 and 46?
46
Calculate the greatest common divisor of 796 and 16.
4
Calculate the highest common factor of 25531 and 242.
121
What is the highest common factor of 82 and 2?
2
What is the highest common factor of 34626 and 174?
174
What is the highest common factor of 333 and 3552?
111
What is the highest common divisor of 91 and 189?
7
What is the greatest common factor of 36 and 76500?
36
Calculate the highest common divisor of 6510 and 31.
31
Calculate the greatest common factor of 1760 and 1696.
32
Calculate the greatest common divisor of 2895 and 165.
15
What is the highest common divisor of 15 and 147?
3
Calculate the greatest common divisor of 855 and 185.
5
Calculate the highest common factor of 105 and 33285.
105
Calculate the highest common factor of 4212 and 156.
156
Calculate the greatest common divisor of 6025 and 100.
25
Calculate the greatest common divisor of 1508 and 116.
116
What is the greatest common factor of 1 and 23?
1
What is the greatest common divisor of 12 and 225?
3
What is the greatest common divisor of 84 and 7?
7
Calculate the greatest common factor of 670 and 10.
10
What is the highest common factor of 684 and 81?
9
Calculate the greatest common divisor of 537 and 3.
3
Calculate the highest common divisor of 54 and 216.
54
What is the greatest common factor of 208 and 104?
104
What is the greatest common divisor of 1440 and 9720?
360
What is the highest common factor of 84 and 5523?
21
Calculate the highest common factor of 31 and 1.
1
Calculate the highest common factor of 980 and 170.
10
Calculate the greatest common divisor of 21 and 3.
3
Calculate the highest common divisor of 72 and 4.
4
What is the greatest common factor of 717 and 9?
3
Calculate the greatest common factor of 14 and 17983.
7
Calculate the greatest common factor of 28 and 21308.
28
What is the highest common divisor of 1211 and 7785?
173
Calculate the highest common factor of 1043 and 7.
7
Calculate the highest common factor of 504 and 31500.
252
Calculate the highest common divisor of 1015 and 70.
35
Calculate the greatest common divisor of 2717 and 836.
209
Calculate the greatest common factor of 480 and 2190.
30
What is the greatest common factor of 6 and 78?
6
What is the greatest common factor of 3615 and 15?
15
What is the highest common divisor of 86 and 11008?
86
Calculate the highest common divisor of 4256 and 4522.
266
Calculate the greatest common divisor of 213 and 568.
71
Calculate the highest common divisor of 7 and 497.
7
Calculate the greatest common factor of 24 and 246.
6
Calculate the highest common factor of 20 and 70.
10
What is the highest common factor of 8898 and 12?
6
Calculate the highest common factor of 58 and 22.
2
What is the greatest common divisor of 2130 and 50?
10
Calculate the greatest common divisor of 325 and 481.
13
What is the greatest common factor of 1360 and 25?
5
What is the greatest common factor of 48 and 31056?
48
What is the highest common factor of 120 and 4380?
60
What is the highest common factor of 215 and 90?
5
Calculate the greatest common divisor of 1557 and 1730.
173
Calculate the greatest common factor of 9945 and 540.
45
Calculate the greatest common divisor of 6 and 44742.
6
Calculate the greatest common factor of 55 and 704.
11
What is the greatest common factor of 77 and 16247?
77
Calculate the greatest common divisor of 484 and 88.
44
What is the greatest common factor of 8 and 102152?
8
What is the greatest common factor of 54 and 54?
54
Calculate the greatest common divisor of 1751 and 34.
17
What is the greatest common factor of 15 and 645?
15
What is the highest common factor of 28037 and 265?
53
Calculate the greatest common fac